p + p**2 - 6*p. Suppose 157*h - 398 = 73. What is t(h)?
-6
Let y be -5 + (-3 - -6) + -5. Let l(s) = -s**2 - 4*s + 8 + 8 - 2*s - 10. Give l(y).
-1
Let y(r) be the third derivative of 5*r**4/24 + 5*r**3/2 - 3*r**2 - 25*r. What is y(-4)?
-5
Let x be (28/(-7))/(4/(-3)). Suppose -x*n - t + 15 = -0, -3*t - 5 = -n. Let j(m) = -m**3 + 5*m**2 + 2*m - 4. What is j(n)?
6
Let o = -9 + 13. Let k(b) = 5*b**2 + 10*b - 4. Let a(x) = -x**2 - x. Let c(n) = 6*a(n) + k(n). Calculate c(o).
-4
Suppose o = -56 + 58. Suppose -5*n + 17 = -j + o*j, -4*j - n = 8. Let b(d) = d + 3. Determine b(j).
0
Let b(z) = z**3 - 9*z**2 - 2*z + 11. Let u(q) = 2*q**3 - 17*q**2 - 3*q + 21. Let w(y) = -5*b(y) + 3*u(y). Let n = 112 + -106. Give w(n).
14
Let u(w) = 177*w - 185*w + 7*w - 5. Let y(x) = -x**3 + x**2 + x - 5. Let z be y(0). Determine u(z).
0
Suppose -3*g = -2*g + 6. Let x be g/9 + (-24)/(-9). Let t(o) = -2*o**2 + o + 3. Let q(f) = 3*f**2 - f - 6. Let i(n) = 3*q(n) + 5*t(n). What is i(x)?
-3
Let k(y) be the first derivative of -7*y**2/2 + 20*y + 1012. Determine k(3).
-1
Suppose 85 = 5*k - 5*j, -5*k + j + 82 - 17 = 0. Suppose 0*m = 3*m + k. Let g(a) = -3*a + 14 - 13 - 2*a**3 + 5*a + a**3 - 4*a**2. Give g(m).
-7
Let g(o) = -o**3 + 7*o**2 + 9*o - 8. Let x be 4 - ((-136)/51)/(4/6). What is g(x)?
0
Let a(h) = -916 - h**2 + 19*h + 935 + 4*h. Determine a(24).
-5
Let v = -4 - -7. Let b(s) = 5*s**3 + 9*s**2 - 6*s + 11. Let z(a) = -a**3 + 4*a**3 + 6*a**2 - 2*a + 7 - 2*a + 0*a. Let h(o) = 5*b(o) - 8*z(o). Give h(v).
5
Let x(d) = -4*d + 0*d + 3*d - 10*d - 63. Determine x(-6).
3
Let b = -22 - -9. Let k be b/(-2) + 3/(-2). Let m = k + -1. Let t(u) = -u - 1. Determine t(m).
-5
Let l(t) = -17*t + 14 - t**3 + 14*t**2 + 0*t**3 + 35*t - 50. Determine l(15).
9
Let s = 38 - 36. Let i(c) = 6 + 2*c**s - 4*c - 2 - 2. Calculate i(3).
8
Let v(l) = -l**3 + 13*l**2 - 11*l - 18. Let c be v(12). Let w(s) be the third derivative of s**6/120 + 7*s**5/60 + s**4/3 + 4*s**3/3 + 5*s**2. Calculate w(c).
-4
Suppose 5*h - 4*q - 4 + 0 = 0, -4*h + 3*q + 3 = 0. Let k(c) = 4 - 1 + h + c + 3. What is k(-5)?
1
Let n = -80 - -83. Suppose -n*a - 6 = 12. Let b(j) = j**2 + 10*j + 7. Determine b(a).
-17
Let w(z) = 2 - 4979*z**2 + 9956*z**2 - 4978*z**2 + 11*z. Determine w(6).
32
Suppose -322 + 299 = 23*d. Let r(u) = -u**3 - u**2 - 5*u - 4. Give r(d).
1
Suppose -j - 11 = -3*z - 28, 4*j = 3*z + 23. Let f(b) = -4*b - 19. Calculate f(z).
1
Let h(s) = -35 - 4*s - 3*s**2 + 31 + 3. Calculate h(-3).
-16
Let c(x) be the third derivative of 3*x**6/20 - x**4/12 + x**3/6 - 74*x**2. Determine c(1).
17
Let v(l) be the second derivative of l**5/10 + l**4/3 + l**3/6 - 3*l**2/2 + 450*l. Give v(-2).
-5
Let n(l) be the second derivative of -2*l**2 - 1/12*l**4 - 1/2*l**3 + 0 - 23*l. What is n(-3)?
-4
Let k(m) = -2*m + 22. Suppose -4*l - 4*q - 11 = -39, -5*q = -3*l + 37. What is k(l)?
4
Let z be 4/(-7) + (-159)/(-21). Let c(o) = -2*o**3 + z + o**3 + 3*o - 8*o**2 + 14*o**2 - 8*o. What is c(5)?
7
Let l(x) be the first derivative of -x**4/4 - 2*x**3 - 3*x**2 - 7*x + 138. Give l(-5).
-2
Let p(t) = -t**3 + 6*t**2 - 4*t - 3. Suppose 0 = -0*k + 2*k - 4. Let q = k - -22. Suppose 1 + q = 5*x. Determine p(x).
2
Let r be (-42)/(-18) - 2/6. Let a(u) = -1 + 1 - 1 + 2 + 2*u + u**r. Determine a(-1).
0
Let x = 289 - 286. Let i(t) be the second derivative of -1/20*t**5 - t**2 + 1/6*t**x + 0 - 1/6*t**4 - 10*t. What is i(-2)?
-4
Suppose 3*n + 2*j = -n + 76, 2*j + 60 = 4*n. Let a = 18 - n. Let o(g) = -a + 0*g + 2*g - g. What is o(-4)?
-5
Suppose -2*o - 1090 + 1078 = 0. Let s(l) = -l + 12. Give s(o).
18
Let d(y) = y**3 - 5*y**2 + y - 2. Let b be d(5). Let t(i) be the second derivative of 0 - 6*i + 1/2*i**2 - 1/12*i**4 + 1/6*i**3. Calculate t(b).
-5
Let u = 0 + 0. Let m be 2/(-3)*(702/(-12))/13. Let w(c) = -3*c - c + u*c + m*c. Determine w(2).
-2
Let y(c) = -c**3 - 12*c**2 - 12*c - 7. Let w(p) = p**3 + 16*p**2 - 20*p - 62. Let q be w(-17). Determine y(q).
4
Let o(v) = 4 + 2*v - 5*v - 2*v**2 - v**2 + 5*v**2 + 0*v**2. Calculate o(4).
24
Suppose 3*q + 39 = -3*g, -q + 8*g - 11*g - 17 = 0. Let x(s) = s**2 + 11*s - 5. What is x(q)?
-5
Suppose 5*d - 6*m = -3*m + 23, m - 11 = -d. Let z(u) = u**2 + 1 + 5*u + d + 7*u - 3*u. What is z(-9)?
8
Suppose -5*c - 3 = -2*c. Let f(t) = -3*t**3 + t**2 - 5*t - 16. Let b(r) = 2*r**3 - r**2 + 4*r + 13. Let w(h) = -5*b(h) - 4*f(h). What is w(c)?
-2
Let l(f) = f + 7. Let w = -7 + -7. Let d be l(w). Let y(u) = u**2 + 8*u - 7. What is y(d)?
-14
Let y(w) = -2*w**2 - 2*w - 2. Let a be y(-1). Let x be a*3/(6/(-7)). Suppose x - 4 = -3*g. Let b(d) = -9*d**2. Determine b(g).
-9
Let f(q) be the second derivative of q**5/20 + 19*q**4/12 - q**3/3 - 17*q**2 - 161*q + 3. Give f(-19).
4
Let t(a) = -3*a**3 - 3*a - a**3 + 4*a**3 - 5*a**2 + 5 - a**3. Let f be ((-64)/(-20))/2*(-10)/4. What is t(f)?
1
Let v = 163 - 160. Let u(i) be the first derivative of i - 5 + 1/3*i**v - 1/2*i**2 - 3*i**4. What is u(1)?
-11
Let v(o) = o**3 + 3*o**2. Let d(l) = -l**3 - 4*l**2 + 2*l + 5. Suppose x = -0*x - 4*h + 4, -4*x = 3*h - 29. Let m = 4 - x. Let s be d(m). Give v(s).
0
Let y be ((-3)/2)/(25/20 - 2). Let g(x) = 4 - y*x - 3 - 2*x**2 + 0. Let w = 4 - 6. Give g(w).
-3
Let h(y) = y**2 + 2*y - 4. Suppose -5*a - 43 = -g, 0*g = 2*g + 4. Let c = -9 - a. Suppose 3*r = -c*z + 2*z, 3*r + 18 = -4*z. Calculate h(z).
-1
Let v = 1155 - 1162. Let l(r) = 9 - 2*r**2 - 7*r + 3*r**2 - 2*r**2. Determine l(v).
9
Let v be (1*(-1 - 1) - 0) + 5. Suppose -2*a = -5*z - 0*z - 31, 5*z + 16 = -v*a. Let r(s) = s + 3. Determine r(z).
-2
Let r be 4/(-10) + (-17)/(-5). Let u = r - -1. Let f(a) = -13. Let y(h) = h + 73. Let b(v) = 6*f(v) + y(v). Give b(u).
-1
Let u = -2 + -2. Let o(c) = 31*c + 34. Let a(h) = -20*h - 22. Let l(i) = 8*a(i) + 5*o(i). Give l(u).
14
Let o(d) = 2*d**3 + 3*d**2. Suppose -7*y + 10 - 38 = 0. Let t(w) = w**3 + 3*w**2. Let z(k) = y*t(k) + 3*o(k). Give z(2).
4
Let w(x) = 10*x - 5*x + 49 + x**2 - 44. Determine w(-5).
5
Let r(f) = -1. Let g(q) = q + 8. Let p be ((-4)/8)/((-2)/(-68)). Let v = 16 + p. Let x(b) = v*r(b) - g(b). What is x(-5)?
-2
Let z(q) be the first derivative of 3*q**2/2 - 3*q - 137. Give z(-3).
-12
Suppose 2*r = 4*v - 8, 3*v - 4*r + 3*r - 7 = 0. Let y(c) = 35 - 3*c**2 - 32 - 5*c + c**v + 0*c**2. Calculate y(3).
-12
Let w(x) = -23*x - 20. Let b(m) = 988*m + 855. Let n(q) = 4*b(q) + 171*w(q). Determine n(1).
19
Let r(c) be the first derivative of c**2/2 + 2*c + 26. Suppose 12 = 2*z + 4*h, 5*h + 5 = 3*z - 2. Determine r(z).
6
Let n(o) = o**3 + 7*o**2 - 6. Let u = -101 - -94. Give n(u).
-6
Suppose 6 = 2*p - 4*p. Let s be (12 - 9) + p/(-1). Let c(o) be the third derivative of -o**6/120 + o**5/10 + o**4/24 - o**3/6 - o**2. What is c(s)?
5
Let o(k) = k**3 - 5*k**2 - 4*k + 5. Let j(a) = -21*a - 59. Let q be j(-3). Give o(q).
-27
Let h(q) = 4*q - 22. Let r(g) = -3*g + 19. Let u(x) = -4*h(x) - 5*r(x). Determine u(-6).
-1
Let c(o) = -2*o**3 - 4*o**2 - 3*o. Let r = 11 + -9. Let v be r - 1 - (-1 - -2). Let h = -2 - v. Determine c(h).
6
Let g(o) be the second derivative of 4/3*o**3 + 1/20*o**5 + 0 + 4*o**2 - 16*o + 7/12*o**4. Calculate g(-6).
-4
Let f(p) be the second derivative of p**5/60 - p**4/3 - p**3/2 + p**2 + p. Let m(n) be the first derivative of f(n). What is m(8)?
-3
Suppose -5*o + 10 = -3*w, -3*o - 4*w = -81 + 46. Let u(a) = 3*a + 7. Let y(r) = r. Let i(z) = u(z) - 2*y(z). What is i(o)?
12
Let v(u) = 9*u**3 + u**2 + 2*u - 2. Let t be 20/(-2) + (21 - 19). Let g(x) = 26*x**3 + 3*x**2 + 5*x - 5. Let c(h) = t*v(h) + 3*g(h). Calculate c(1).
7
Suppose 2*i + 12 = i. Let m = i + 6. Let u(n) = n**2 + 7*n + 2. What is u(m)?
-4
Let i(t) = t - 3. Let y be i(6). Let r be (-21)/4 - y/(-12). Let d(h) = 76 - 70 - 2*h**2 + h**2 - 2*h. Give d(r).
-9
Let c(p) = 14*p**2 - 4*p + 3. Let l be c(1). Suppose -2*j = 3 - l. Let x(b) = 2*b - 5. Calculate x(j).
5
Let p(o) = o**3 - 3*o**2 + 5*o - 2. Let r be ((-3)/(-12))/((-13)/(-156)). Give p(r).
13
Let t(z) = -17*z + 2. Let d = 762 - 761. Determine t(d).
-15
Let u = -65 - -38. Let y be (u/(-45))/(2/(2 - -18)). Let k(h) = h**2 - 5*h + 8. Calculate k(y).
14
Let x(b) = -57*b + 62*b + 0*b**3 + 1 - 8*b**2 + 3*b**3. Let h(l) = -4*l**3 + 9*l**2 - 5*l. Let m(q) = -2*h(q) - 3*x(q). What is m(4)?
9
Let l(x) = x**3 + 8*x**2 - x - 12. Suppose 2*z = 0, 8*m - 2*